{"id":58,"date":"2025-02-17T15:28:41","date_gmt":"2025-02-17T15:28:41","guid":{"rendered":"https:\/\/tionija.hr\/index.php\/about\/"},"modified":"2025-10-18T14:14:06","modified_gmt":"2025-10-18T14:14:06","slug":"kako-radimo","status":"publish","type":"page","link":"https:\/\/tionija.hr\/index.php\/kako-radimo\/","title":{"rendered":"Kako radimo"},"content":{"rendered":"\n<h3 class=\"wp-block-heading has-text-align-center\">Kako radimo?<\/h3>\n\n\n\n<div class=\"wp-block-cover has-custom-content-position is-position-top-center has-text-color has-link-color has-medium-font-size wp-elements-12fc37eb62a76cf13f727e1f829f4f7b\" style=\"color:#cec7ba;min-height:589px;aspect-ratio:unset;\"><img fetchpriority=\"high\" decoding=\"async\" width=\"1080\" height=\"1080\" class=\"wp-block-cover__image-background wp-image-929\" alt=\"\" src=\"https:\/\/tionija.hr\/wp-content\/uploads\/2025\/02\/deal-manji-format.png\" data-object-fit=\"cover\" srcset=\"https:\/\/tionija.hr\/wp-content\/uploads\/2025\/02\/deal-manji-format.png 1080w, https:\/\/tionija.hr\/wp-content\/uploads\/2025\/02\/deal-manji-format-300x300.png 300w, https:\/\/tionija.hr\/wp-content\/uploads\/2025\/02\/deal-manji-format-1024x1024.png 1024w, https:\/\/tionija.hr\/wp-content\/uploads\/2025\/02\/deal-manji-format-150x150.png 150w, https:\/\/tionija.hr\/wp-content\/uploads\/2025\/02\/deal-manji-format-768x768.png 768w, https:\/\/tionija.hr\/wp-content\/uploads\/2025\/02\/deal-manji-format-600x600.png 600w\" sizes=\"(max-width: 1080px) 100vw, 1080px\" \/><span aria-hidden=\"true\" class=\"wp-block-cover__background has-background-dim-90 has-background-dim\" style=\"background-color:#061805\"><\/span><div class=\"wp-block-cover__inner-container is-layout-constrained wp-block-cover-is-layout-constrained\">\n<div style=\"max-width: 500px; margin: 0 auto; text-align: justify; font-size: 18px;\">\n    <p style=\"margin-bottom: 20px;\">\n        Ovo nije samo ugodan razgovor (ali ako \u017eeli\u0161 mo\u017ee biti i samo to). Ovo je proces u kojem radimo na promjeni ili \u010demu god \u017eeli\u0161.\n    <\/p>\n\n    <ul style=\"margin-bottom: 20px; list-style-type: disc; padding-left: 20px;\">\n        <li>Prvo se upoznamo. Ti pri\u010da\u0161, ja slu\u0161am i postavljam pitanja koja mo\u017eda ne\u0107e uvijek biti ugodna, ali \u0107e mo\u017eda biti korisna.<\/li>\n        <li>Zatim definiramo smjer. Nema gotovih rje\u0161enja \u2013 radimo ono \u0161to je smisleno za tebe.<\/li>\n        <li>Bez \u201epopravljanja\u201d. Ti nisi pokvaren\/a, samo tra\u017eimo na\u010dine da se bolje nosi\u0161 s onim \u0161to nosi\u0161.<\/li>\n        <li>Nema magi\u010dnih rije\u010di ni brzih popravaka. Ali ima razgovora koji ne\u0161to mijenjaju.<\/li>\n        <li>Moj pristup temelji se na iskrenosti i povjerenju. Kroz otvorenu komunikaciju, zajedno \u0107emo istra\u017eiti prepreke i raditi na njihovom prevladavanju, prilago\u0111avaju\u0107i se tvojim potrebama.<\/li>\n        <li>Sa \u0161irinom perspektive. Svijet nije crno-bijel, a tvoje iskustvo nije linearno. Pogledat \u0107emo sve kutove, \u010dak i one koje izbjegava\u0161 kad bude\u0161 spreman\/na za to.<\/li>\n    <\/ul>\n\n    <p>\n        Ako ti ovo zvu\u010di kao ne\u0161to \u0161to mo\u017ee imati smisla za tebe \u2013 kontaktiraj me i dogovorit \u0107emo (besplatan) prvi susret (on-line).\n    <\/p>\n<\/div>\n\n<style>\n    @media (max-width: 600px) {\n        div {\n            font-size: 12px !important;\n        }\n    }\n<\/style>\n<\/div><\/div>\n\n\n\n<style>\n    @media (min-width: 1025px) {\n        .naslov {\n            margin-top: 40px;\n        }\n    }\n<\/style>\n\n<p class=\"naslov\" style=\"text-align: center; color: #7A8354; font-size: 25px; font-weight: 700;\">\n    Za koga je TI\u2022ONI\u2022JA?\n<\/p>\n\n\n\n<div style=\"max-width: 500px; margin: 0 auto; text-align: justify;\">\n    <ul style=\"margin-bottom: 20px; list-style-type: disc; padding-left: 20px;\">\n        <li>Za one koji ne \u017eele povr\u0161ne savjete i instant rje\u0161enja<\/li>\n        <li>Za one koji su spremni mijenjati sebe, umjesto da krive svijet<\/li>\n        <li>Za one koji imaju hrabrosti vidjeti stvari onakvima kakve jesu<\/li>\n        <li>Za one koji \u017eele novu perspektivu, osloboditi se unutarnjih prepreka i krenuti na put osobnog rasta<\/li>\n    <\/ul>\n<\/div>\n\n\n\n<style>\n    @media (min-width: 1025px) {\n        .naslov {\n            margin-top: 40px;\n        }\n    }\n<\/style>\n\n<p class=\"naslov\" style=\"text-align: center; color: #7A8354; font-size: 25px; font-weight: 700;\">\n    Naj\u010de\u0161\u0107a pitanja\n<\/p>\n\n\n\n<div class=\"wp-block-cover\"><img decoding=\"async\" width=\"1200\" height=\"518\" class=\"wp-block-cover__image-background wp-image-172\" alt=\"\" src=\"https:\/\/tionija.hr\/wp-content\/uploads\/2025\/02\/lonely-flower-1-e1740087647375.jpg\" style=\"object-position:66% 49%\" data-object-fit=\"cover\" data-object-position=\"66% 49%\"\/><span aria-hidden=\"true\" class=\"wp-block-cover__background has-background-dim-90 has-background-dim\" style=\"background-color:#061805\"><\/span><div class=\"wp-block-cover__inner-container is-layout-flow wp-block-cover-is-layout-flow\">\n<div style=\"max-width: 500px; margin: 0 auto; text-align: justify; color: #cec7ba;\">\n    <p style=\"text-align: justify; margin-bottom: 5px;\">\n        <span style=\"font-weight: bold; color: #7A8354;\">Kako da znam koji terapeut je najbolji za mene?<\/span>\n    <\/p>\n\n    <ul style=\"text-align: justify; margin-bottom: 5px;\">\n        <li>Jednostavno &#8211; onaj s kojim se osje\u0107a\u0161 ugodno i sigurno.<\/li>\n    <\/ul>\n\n    <p style=\"text-align: justify; margin-bottom: 5px;\">\n        <span style=\"font-weight: bold; color: #7A8354;\">Koliko traje jedan termin?<\/span>\n    <\/p>\n\n    <ul style=\"text-align: justify; margin-bottom: 5px;\">\n        <li>Prvi susret traje 60 min, a svi daljnji susreti traju 45-50 minuta.<\/li>\n    <\/ul>\n\n    <p style=\"text-align: justify; margin-bottom: 5px;\">\n        <span style=\"font-weight: bold; color: #7A8354;\">\u0160to je grupna podr\u0161ka kroz razvod?<\/span>\n    <\/p>\n\n    <ul style=\"text-align: justify; margin-bottom: 5px;\">\n        <li>To je online susret grupe \u017eena koje se nalaze u procesu razvoda. Kada vidi\u0161 da drugi prolaze sli\u010dno, lak\u0161e prihva\u0107a\u0161 svoju situaciju te \u010duje\u0161 iskustva drugih. Najv\u017eanije od svega je da se osje\u0107a\u0161 osna\u017eeno u ovom te\u0161kom razdoblju uz podr\u0161ku onih koji prolaze sli\u010dno.<\/li>\n    <\/ul>\n\n    <p style=\"text-align: justify; margin-bottom: 5px;\">\n        <span style=\"font-weight: bold; color: #7A8354;\">Koliko dugo \u0107u morati i\u0107i na terapiju?<\/span>\n    <\/p>\n\n    <ul style=\"text-align: justify; margin-bottom: 5px;\">\n        <li>Ni\u0161ta se ne mora, pa tako zavr\u0161etak terapije naj\u010de\u0161\u0107e odabire klijent ili se mo\u017eemo unaprijed dogovoriti o \u017eeljenom broju termina.<\/li>\n    <\/ul>\n\n    <p style=\"text-align: justify; margin-bottom: 5px;\">\n        <span style=\"font-weight: bold; color: #7A8354;\">Koliko \u010desto se odvijaju termini?<\/span>\n    <\/p>\n\n    <ul style=\"text-align: justify; margin-bottom: 5px;\">\n        <li>Kao i sve ostalo, u\u010destalost termina dogovaramo TI i JA. Preporu\u010dam da barem u po\u010detku na\u0161eg dru\u017eenja termine imamo svaka 2 tjedna.<\/li>\n    <\/ul>\n\n    <p style=\"text-align: justify; margin-bottom: 5px;\">\n        <span style=\"font-weight: bold; color: #7A8354;\">Ho\u0107e li sve izgovoreno biti povjerljivo?<\/span>\n    <\/p>\n\n    <ul style=\"text-align: justify; margin-bottom: 5px;\">\n        <li>Naravno, to je preduvjet.<\/li>\n    <\/ul>\n\n    <p style=\"text-align: justify; margin-bottom: 5px;\">\n        <span style=\"font-weight: bold; color: #7A8354;\">Kako se mogu naru\u010diti?<\/span>\n    <\/p>\n\n    <ul style=\"text-align: justify; margin-bottom: 5px;\">\n        <li>Mo\u017ee\u0161 me nazvati, poslati obi\u010dan SMS, Whatsapp poruku, e-mail ili ispuniti kratak obrazac sa web stranice.<\/li>\n    <\/ul>\n\n    <p style=\"text-align: justify; margin-bottom: 5px;\">\n        <span style=\"font-weight: bold; color: #7A8354;\">Gdje se terapija odr\u017eava?<\/span>\n    <\/p>\n\n    <ul style=\"text-align: justify; margin-bottom: 5px;\">\n        <li>Trenutno se terapije odvijaju ON-LINE. Potrebno je da bude\u0161 na mirnom mjestu gdje se mo\u017ee\u0161 opustiti i prepustiti na\u0161em radu.<\/li>\n    <\/ul>\n<\/div>\n<\/div><\/div>\n","protected":false},"excerpt":{"rendered":"<p>Kako radimo? Za koga je TI\u2022ONI\u2022JA? Za one koji ne \u017eele povr\u0161ne savjete i instant rje\u0161enja Za one koji su spremni mijenjati sebe, umjesto da krive svijet Za one koji imaju hrabrosti vidjeti stvari onakvima kakve jesu Za one koji \u017eele novu perspektivu, osloboditi se unutarnjih prepreka i krenuti na put osobnog rasta Naj\u010de\u0161\u0107a pitanja<\/p>\n","protected":false},"author":1,"featured_media":0,"parent":0,"menu_order":0,"comment_status":"closed","ping_status":"closed","template":"","meta":{"footnotes":""},"class_list":["post-58","page","type-page","status-publish","hentry","entry"],"_links":{"self":[{"href":"https:\/\/tionija.hr\/index.php\/wp-json\/wp\/v2\/pages\/58","targetHints":{"allow":["GET"]}}],"collection":[{"href":"https:\/\/tionija.hr\/index.php\/wp-json\/wp\/v2\/pages"}],"about":[{"href":"https:\/\/tionija.hr\/index.php\/wp-json\/wp\/v2\/types\/page"}],"author":[{"embeddable":true,"href":"https:\/\/tionija.hr\/index.php\/wp-json\/wp\/v2\/users\/1"}],"replies":[{"embeddable":true,"href":"https:\/\/tionija.hr\/index.php\/wp-json\/wp\/v2\/comments?post=58"}],"version-history":[{"count":149,"href":"https:\/\/tionija.hr\/index.php\/wp-json\/wp\/v2\/pages\/58\/revisions"}],"predecessor-version":[{"id":1238,"href":"https:\/\/tionija.hr\/index.php\/wp-json\/wp\/v2\/pages\/58\/revisions\/1238"}],"wp:attachment":[{"href":"https:\/\/tionija.hr\/index.php\/wp-json\/wp\/v2\/media?parent=58"}],"curies":[{"name":"wp","href":"https:\/\/api.w.org\/{rel}","templated":true}]}}