{"id":98,"date":"2025-02-17T16:37:02","date_gmt":"2025-02-17T16:37:02","guid":{"rendered":"https:\/\/tionija.hr\/?page_id=98"},"modified":"2025-10-18T18:01:37","modified_gmt":"2025-10-18T18:01:37","slug":"kontakt","status":"publish","type":"page","link":"https:\/\/tionija.hr\/index.php\/kontakt\/","title":{"rendered":"Kontakt"},"content":{"rendered":"\n<h3 class=\"wp-block-heading\">Kontakt:<\/h3>\n\n\n\n<strong>Mob:<\/strong> <a href=\"tel:   +385915265399\">+385 91 5265 399<\/a>\n\n\n\n<p style=\"margin:0;\"><strong>Mail:<\/strong> info@tionija.hr<\/p>\n<p style=\"margin:5px 0 0 0;\">\n  <a href=\"https:\/\/www.instagram.com\/ti.oni.ja\/\" target=\"_blank\" style=\"text-decoration:none; color:inherit;\" rel=\"noopener\">\n    <img decoding=\"async\" src=\"https:\/\/upload.wikimedia.org\/wikipedia\/commons\/a\/a5\/Instagram_icon.png\" alt=\"Instagram\" width=\"20\" style=\"vertical-align:middle; margin-right:5px;\">\n    Prati nas na <strong>Instagramu<\/strong>\n  <\/a>\n<\/p>\n\n\n\n<div style=\"height:56px\" aria-hidden=\"true\" class=\"wp-block-spacer\"><\/div>\n\n\n\n<h3 class=\"wp-block-heading has-text-align-left\">Mo\u017ee\u0161 se javiti:<\/h3>\n\n\n\n<div class=\"wp-block-media-text is-vertically-aligned-center\" style=\"grid-template-columns:24% auto\"><figure class=\"wp-block-media-text__media\"><img fetchpriority=\"high\" decoding=\"async\" width=\"1024\" height=\"1024\" src=\"https:\/\/tionija.hr\/wp-content\/uploads\/2025\/10\/veca-sova-zove-1024x1024.png\" alt=\"\" class=\"wp-image-1286 size-full\" srcset=\"https:\/\/tionija.hr\/wp-content\/uploads\/2025\/10\/veca-sova-zove-1024x1024.png 1024w, https:\/\/tionija.hr\/wp-content\/uploads\/2025\/10\/veca-sova-zove-300x300.png 300w, https:\/\/tionija.hr\/wp-content\/uploads\/2025\/10\/veca-sova-zove-150x150.png 150w, https:\/\/tionija.hr\/wp-content\/uploads\/2025\/10\/veca-sova-zove-768x768.png 768w, https:\/\/tionija.hr\/wp-content\/uploads\/2025\/10\/veca-sova-zove-600x600.png 600w, https:\/\/tionija.hr\/wp-content\/uploads\/2025\/10\/veca-sova-zove.png 1080w\" sizes=\"(max-width: 1024px) 100vw, 1024px\" \/><\/figure><div class=\"wp-block-media-text__content\">\n<ul class=\"wp-block-list\">\n<li>WhatsApp porukom<\/li>\n\n\n\n<li>Telefonskim pozivom<\/li>\n\n\n\n<li>Slanjem e-maila<\/li>\n\n\n\n<li>Popunjavanjem kontakt obrasca<\/li>\n<\/ul>\n<\/div><\/div>\n\n\n\n<p style=\"text-align: justify; margin-top: 40px;\">\n<span style=\"font-weight: bold; color: #7A8354;\">Jesi li spreman\/na istra\u017eiti \u0161to zna\u010di biti TI me\u0111u ONIMA, dok gradi\u0161 JA kakav\/a \u017eeli\u0161 biti?<\/span>\n<\/p>\n\n\n\n<p>Svaka promjena po\u010dinje odlaskom na mjesto gdje je mo\u017ee\u0161 zapo\u010deti.<\/p>\n\n\n\n<div style=\"height:77px\" aria-hidden=\"true\" class=\"wp-block-spacer\"><\/div>\n\n\n\n<h3 class=\"wp-block-heading\">Kontakt obrazac:<\/h3>\n\n\n\n<div class=\"wpcf7 no-js\" id=\"wpcf7-f6-o1\" lang=\"hr\" dir=\"ltr\" data-wpcf7-id=\"6\">\n<div class=\"screen-reader-response\"><p role=\"status\" aria-live=\"polite\" aria-atomic=\"true\"><\/p> <ul><\/ul><\/div>\n<form action=\"\/index.php\/wp-json\/wp\/v2\/pages\/98#wpcf7-f6-o1\" method=\"post\" class=\"wpcf7-form init\" aria-label=\"Kontakt obrazac\" novalidate=\"novalidate\" data-status=\"init\">\n<fieldset class=\"hidden-fields-container\"><input type=\"hidden\" name=\"_wpcf7\" value=\"6\" \/><input type=\"hidden\" name=\"_wpcf7_version\" value=\"6.1.5\" \/><input type=\"hidden\" name=\"_wpcf7_locale\" value=\"hr\" \/><input type=\"hidden\" name=\"_wpcf7_unit_tag\" value=\"wpcf7-f6-o1\" \/><input type=\"hidden\" name=\"_wpcf7_container_post\" value=\"0\" \/><input type=\"hidden\" name=\"_wpcf7_posted_data_hash\" value=\"\" \/>\n<\/fieldset>\n<p><label> Tvoje ime<br \/>\n<span class=\"wpcf7-form-control-wrap\" data-name=\"your-name\"><input size=\"40\" maxlength=\"400\" class=\"wpcf7-form-control wpcf7-text wpcf7-validates-as-required\" autocomplete=\"name\" aria-required=\"true\" aria-invalid=\"false\" value=\"\" type=\"text\" name=\"your-name\" \/><\/span> <\/label>\n<\/p>\n<p><label> Tvoj e-mail<br \/>\n<span class=\"wpcf7-form-control-wrap\" data-name=\"your-email\"><input size=\"40\" maxlength=\"400\" class=\"wpcf7-form-control wpcf7-email wpcf7-validates-as-required wpcf7-text wpcf7-validates-as-email\" autocomplete=\"email\" aria-required=\"true\" aria-invalid=\"false\" value=\"\" type=\"email\" name=\"your-email\" \/><\/span> <\/label>\n<\/p>\n<p><label> Tvoj broj mobitela<br \/>\n<span class=\"wpcf7-form-control-wrap\" data-name=\"your-phone\"><input size=\"40\" maxlength=\"400\" class=\"wpcf7-form-control wpcf7-tel wpcf7-text wpcf7-validates-as-tel\" autocomplete=\"broj\" aria-invalid=\"false\" value=\"\" type=\"tel\" name=\"your-phone\" \/><\/span> <\/label>\n<\/p>\n<p><label> Poruka<br \/>\n<span class=\"wpcf7-form-control-wrap\" data-name=\"your-message\"><textarea cols=\"40\" rows=\"10\" maxlength=\"500\" class=\"wpcf7-form-control wpcf7-textarea\" aria-invalid=\"false\" placeholder=\"Max 500 znakova\" name=\"your-message\"><\/textarea><\/span><br \/>\n<\/label>\n<\/p>\n<p><input class=\"wpcf7-form-control wpcf7-submit has-spinner\" type=\"submit\" value=\"Po\u0161alji\" \/>\n<\/p><div class=\"wpcf7-response-output\" aria-hidden=\"true\"><\/div>\n<\/form>\n<\/div>\n\n","protected":false},"excerpt":{"rendered":"<p>Kontakt: Mob: +385 91 5265 399 Mail: info@tionija.hr Prati nas na Instagramu Mo\u017ee\u0161 se javiti: Jesi li spreman\/na istra\u017eiti \u0161to zna\u010di biti TI me\u0111u ONIMA, dok gradi\u0161 JA kakav\/a \u017eeli\u0161 biti? Svaka promjena po\u010dinje odlaskom na mjesto gdje je mo\u017ee\u0161 zapo\u010deti. Kontakt obrazac:<\/p>\n","protected":false},"author":1,"featured_media":0,"parent":0,"menu_order":0,"comment_status":"closed","ping_status":"closed","template":"","meta":{"footnotes":""},"class_list":["post-98","page","type-page","status-publish","hentry","entry"],"_links":{"self":[{"href":"https:\/\/tionija.hr\/index.php\/wp-json\/wp\/v2\/pages\/98","targetHints":{"allow":["GET"]}}],"collection":[{"href":"https:\/\/tionija.hr\/index.php\/wp-json\/wp\/v2\/pages"}],"about":[{"href":"https:\/\/tionija.hr\/index.php\/wp-json\/wp\/v2\/types\/page"}],"author":[{"embeddable":true,"href":"https:\/\/tionija.hr\/index.php\/wp-json\/wp\/v2\/users\/1"}],"replies":[{"embeddable":true,"href":"https:\/\/tionija.hr\/index.php\/wp-json\/wp\/v2\/comments?post=98"}],"version-history":[{"count":47,"href":"https:\/\/tionija.hr\/index.php\/wp-json\/wp\/v2\/pages\/98\/revisions"}],"predecessor-version":[{"id":1287,"href":"https:\/\/tionija.hr\/index.php\/wp-json\/wp\/v2\/pages\/98\/revisions\/1287"}],"wp:attachment":[{"href":"https:\/\/tionija.hr\/index.php\/wp-json\/wp\/v2\/media?parent=98"}],"curies":[{"name":"wp","href":"https:\/\/api.w.org\/{rel}","templated":true}]}}